at is the units digit of 72665354?
4
What is the hundred thousands digit of 2531318933?
3
What is the ten thousands digit of 1239780818?
8
What is the millions digit of 10122718?
0
What is the ten thousands digit of 124393039?
9
What is the ten millions digit of 187033014?
8
What is the hundreds digit of 97941082?
0
What is the units digit of 240911651?
1
What is the units digit of 30461345?
5
What is the ten thousands digit of 51486106?
8
What is the tens digit of 139261377?
7
What is the hundred thousands digit of 292946030?
9
What is the units digit of 264774559?
9
What is the hundreds digit of 235166910?
9
What is the ten thousands digit of 671473769?
7
What is the ten thousands digit of 1917470916?
7
What is the units digit of 3734528428?
8
What is the ten millions digit of 352818428?
5
What is the hundred thousands digit of 52610855?
6
What is the millions digit of 290303692?
0
What is the millions digit of 168400142?
8
What is the thousands digit of 3336677622?
7
What is the ten thousands digit of 506752034?
5
What is the tens digit of 164103828?
2
What is the units digit of 115284960?
0
What is the ten thousands digit of 27070985?
7
What is the hundred thousands digit of 791063238?
0
What is the hundred thousands digit of 1008004233?
0
What is the millions digit of 317462319?
7
What is the ten millions digit of 2648987317?
4
What is the tens digit of 1521641371?
7
What is the hundreds digit of 23701888?
8
What is the billions digit of 8418303388?
8
What is the thousands digit of 19917003?
7
What is the units digit of 343467097?
7
What is the thousands digit of 554312353?
2
What is the hundred thousands digit of 115059052?
0
What is the thousands digit of 66209816?
9
What is the hundreds digit of 86921790?
7
What is the hundred thousands digit of 5517682387?
6
What is the millions digit of 17796317?
7
What is the thousands digit of 86327145?
7
What is the thousands digit of 34140805?
0
What is the ten millions digit of 291721779?
9
What is the hundred millions digit of 105645967?
1
What is the hundreds digit of 4122439786?
7
What is the tens digit of 676447753?
5
What is the hundred thousands digit of 15676458?
6
What is the units digit of 376089853?
3
What is the tens digit of 1599697303?
0
What is the hundred thousands digit of 2435288562?
2
What is the hundred thousands digit of 1556000916?
0
What is the ten thousands digit of 237773913?
7
What is the ten thousands digit of 13635975?
3
What is the ten millions digit of 37787123?
3
What is the ten thousands digit of 197956418?
5
What is the ten millions digit of 3775136207?
7
What is the millions digit of 9522694?
9
What is the hundred thousands digit of 290170621?
1
What is the ten millions digit of 642032450?
4
What is the hundred millions digit of 6825445809?
8
What is the units digit of 743384220?
0
What is the hundred thousands digit of 968549331?
5
What is the hundreds digit of 3814875?
8
What is the hundred millions digit of 1604843779?
6
What is the ten thousands digit of 447983009?
8
What is the units digit of 1001517376?
6
What is the ten thousands digit of 1800268133?
6
What is the units digit of 1472284114?
4
What is the hundred thousands digit of 125456339?
4
What is the hundreds digit of 1458502354?
3
What is the thousands digit of 632393917?
3
What is the hundreds digit of 172357519?
5
What is the ten thousands digit of 2689840054?
4
What is the tens digit of 1553655989?
8
What is the millions digit of 401448595?
1
What is the ten millions digit of 14385803?
1
What is the tens digit of 1929325720?
2
What is the hundred millions digit of 208644168?
2
What is the ten thousands digit of 4864996700?
9
What is the thousands digit of 1897201200?
1
What is the ten thousands digit of 4537814026?
1
What is the hundred millions digit of 7029160289?
0
What is the hundreds digit of 840600568?
5
What is the hundreds digit of 17341838?
8
What is the ten thousands digit of 37732736?
3
What is the units digit of 1434619759?
9
What is the hundred millions digit of 933854005?
9
What is the millions digit of 649803533?
9
What is the ten millions digit of 321793127?
2
What is the tens digit of 2464404080?
8
What is the hundreds digit of 3286459857?
8
What is the thousands digit of 131700754?
0
What is the units digit of 191187030?
0
What is the tens digit of 9121080417?
1
What is the ten thousands digit of 2673467431?
6
What is the units digit of 2607223381?
1
What is the hundreds digit of 390490067?
0
What is the tens digit of 9654667?
6
What is the units digit of 352535901?
1
What is the millions digit of 24476803?
4
What is the millions digit of 11007988?
1
What is the ten thousands digit of 1265432177?
3
What is the thousands digit of 93901636?
1
What is the thousands digit of 3655357448?
7
What is the tens digit of 63783180?
8
What is the hundred thousands digit of 1030605328?
6
What is the ten millions digit of 3521487164?
2
What is the ten thousands digit of 50404873?
0
What is the hundreds digit of 1801142511?
5
What is the tens digit of 351591985?
8
What is the hundreds digit of 2665543810?
8
What is the hundreds digit of 43970450?
4
What is the millions digit of 1116091396?
6
What is the tens digit of 5989216?
1
What is the thousands digit of 698252375?
2
What is the ten millions digit of 321802410?
2
What is the units digit of 72077873?
3
What is the millions digit of 480423860?
0
What is the units digit of 47134726?
6
What is the thousands digit of 139462288?
2
What is the hundred thousands digit of 7765453421?
4
What is the hundred millions digit of 1783946936?
7
What is the hundreds digit of 1372105852?
8
What is the millions digit of 583477816?
3
What is the hundred thousands digit of 3441055665?
0
What is the millions digit of 215745151?
5
What is the tens digit of 35293363?
6
What is the hundred millions digit of 285799374?
2
What is the hundred thousands digit of 853223102?
2
What is the ten thousands digit of 901577761?
7
What is the ten thousands digit of 2675176857?
7
What is the hundreds digit of 299130283?
2
What is the millions digit of 635560490?
5
What is the units digit of 34786713?
3
What is the hundreds digit of 2986117943?
9
What is the ten millions digit of 53291597?
5
What is the thousands digit of 14650707?
0
What is the units digit of 174606949?
9
What is the ten millions digit of 466771009?
6
What is the tens digit of 216076?
7
What is the hundreds digit of 45982230?
2
What is the billions digit of 1354494011?
1
What is the hundreds digit of 3415137201?
2
What is the ten millions digit of 84773470?
8
What is the hundred thousands digit of 332996562?
9
What is the tens digit of 6186191?
9
What is the thousands digit of 2136760244?
0
What is the units digit of 14235660?
0
What is the millions digit of 76823583?
6
What is the millions digit of 23330734?
3
What is the tens digit of 356431713?
1
What is the millions digit of 29628748?
9
What is the millions digit of 83792068?
3
What is the hundreds digit of 5193487320?
3
What is the units digit of 7474666815?
5
What is the ten millions digit of 58468211?
5
What is the tens digit of 85286456?
5
What is the thousands digit of 298802780?
2
What is the hundred thousands digit of 83278866?
2
What is the ten thousands digit of 52507282?
0
What is the tens digit of 10082063?
6
What is the tens digit of 985918072?
7
What is the thousands digit of 1638209234?
9
What is the hundred millions digit of 2975813586?
9
What is the hundred thousands digit of 68128123?
1
What is the hundred thousands digit of 3464919294?
9
What is the tens digit of 165411801?
0
What is the millions digit of 46673472?
6
What is the hundred thousands digit of 1083873377?
8
What is the ten thousands digit of 82555225?
5
What is the ten millions digit of 20625180?
2
What is the hundred thousands digit of 164789206?
7
What is the ten millions digit of 533275474?
3
What is the hundred thousands digit of 65370019?
3
What is the ten thousands digit of 377490022?
9
What is the tens digit of 2459211227?
2
What is the thousands digit of 487734421?
4
What is the hundred thousands digit of 55692108?
6
What is the thousands digit of 766945529?
5
What is the billions digit of 2759701098?
2
What is the hundred thousands digit of 123925160?
9
What is the t